 the prime factors of v?
2, 7
Let v = 7 - 10. Let c = -34 - -21. List the prime factors of (v*2)/2 - c.
2, 5
Suppose 7*a - 2234 + 40398 = 0. What are the prime factors of 0 + 3/(-18) - a/24?
227
Let l = 955 - 604. Suppose 0 = -2*b - k + 222, 3*b - 3*k = -0*b + l. What are the prime factors of b?
113
Let g = -12157 + 17447. List the prime factors of g.
2, 5, 23
Suppose 4*d = -3 + 15. Let l(n) = -12*n - 12. Let u be l(-1). Suppose -d*z = -u*z - 72. What are the prime factors of z?
2, 3
Suppose 2*a = 3*k - 6242, 5*k - 10418 = 2*a - 6*a. List the prime factors of k.
2, 3, 347
Let j be -3 - (0 - (-1 + 2)). Let m be j + 7 + 2 + -2. Suppose 0*u - 150 = -m*u. What are the prime factors of u?
2, 3, 5
Let h(j) = -31*j**3 + 3*j**2 + 16*j + 52. What are the prime factors of h(-5)?
2, 37, 53
Suppose b + 47 = 245. Let a = -27 + b. List the prime factors of a.
3, 19
Let x(b) = -b**3 + 1. Let n(l) = 4*l**3 - 3*l**2 + 10*l + 2. Suppose -21 - 19 = -8*c. Let t(w) = c*x(w) + n(w). What are the prime factors of t(-6)?
5, 11
Let u = -8613 - -12637. List the prime factors of u.
2, 503
Suppose 48*a - 31*a - 19822 = 0. List the prime factors of a.
2, 11, 53
Suppose -3*t + 2*t = 226. Let d = 434 + t. List the prime factors of d.
2, 13
Let k(n) = 2*n**3 - 3*n**2 + 2. Let y be 130/18 - 8/36. Let i = -5 + y. List the prime factors of k(i).
2, 3
Let v(x) = 2*x**2 - 9*x - 8. Let d = 3 + -8. What are the prime factors of v(d)?
3, 29
What are the prime factors of (2937 + 1)*(1 + 11/(-22))?
13, 113
Suppose 25714 = 29*j + 5501. List the prime factors of j.
17, 41
Let x(d) = d**2 + 2*d - 10. Let k be x(-5). Suppose 0 = k*f - 5*r - 140, -5*f - 6*r = -2*r - 158. Let y = -26 + f. What are the prime factors of y?
2
Let t be (-1 - 1)*10/(-4). Let z(c) = -c + 1. Let b(k) = 12*k - 22. Let p(j) = -3*b(j) - 48*z(j). What are the prime factors of p(t)?
2, 3, 13
Let s be 0/(-9) - (-1 + -184). Let l = -94 + s. List the prime factors of l.
7, 13
Suppose 8*b = 7 + 9. Suppose 331 + 51 = b*g. What are the prime factors of g?
191
Suppose -3*x - x = -16. Suppose 0 = x*u + 15 - 59. List the prime factors of u.
11
What are the prime factors of 1162 + -11 + -2 + 7?
2, 17
Let a be (-100)/3*15/(-10). Let c = 70 - a. What are the prime factors of c?
2, 5
Suppose -2*c - 2*m = 3*m - 3662, -3662 = -2*c + 2*m. List the prime factors of c.
1831
Suppose 33*g - 2806 = 31*g. Suppose 6*n = -431 + g. List the prime factors of n.
2, 3
Let r be (2 - 25/15)*12. What are the prime factors of (111/2 - r)/(1/4)?
2, 103
Let h(x) be the second derivative of 5*x**3/2 - 8*x**2 + 4*x. Let b be h(12). What are the prime factors of b/5 - (-4)/20?
3, 11
Let g(i) = -401*i + 43. List the prime factors of g(-5).
2
Suppose 5*c - 58*s - 594 = -57*s, -3*c = -3*s - 354. What are the prime factors of c?
7, 17
Let c(y) = -7*y**3 + 9*y**2 + 14*y - 5. What are the prime factors of c(-3)?
223
Let i(g) be the third derivative of 115*g**4/24 - g**3/6 + 2*g**2. List the prime factors of i(1).
2, 3, 19
Let y be 4/20 - 9/(-5). Suppose -2*h + 192 = y*h. What are the prime factors of h?
2, 3
Let f(t) = 5*t - 21. Let y = -12 - -18. List the prime factors of f(y).
3
Let s = 95 + -47. Suppose -4*n + n = -s. List the prime factors of n/40 - (-78)/5.
2
Suppose 1160 - 53853 = -29*d. List the prime factors of d.
23, 79
Let f(v) = v**3 - 3*v**2 - 2*v - 5. List the prime factors of f(4).
3
Let c = 745 - 511. List the prime factors of c.
2, 3, 13
What are the prime factors of (3 - 19)/((-204)/(-103) - 2)?
2, 103
Let v(q) = q**3 + 27*q**2 - 38*q - 57. List the prime factors of v(-28).
223
Suppose 0 = 67*j - 92*j + 43650. What are the prime factors of j?
2, 3, 97
Let v(p) = 16*p**2 - 2*p + 30. What are the prime factors of v(6)?
2, 3, 11
Suppose 4*l + 60 = -4*p + 412, 5*l - 390 = 5*p. What are the prime factors of l?
83
Suppose -5*p - 120 = 5*k, 2*p - 121 = 4*k + p. Let f = 144 - k. List the prime factors of f.
173
Suppose -3*x + 28 = -2. Let o be (-4)/(4/(-111)) + 0. Suppose 7*h = x*h - o. List the prime factors of h.
37
Suppose 2*z = 3*v + 4*z - 849, 2*v + 2*z = 568. List the prime factors of v.
281
Let c be (2 + -1 - -2) + 2. Let g(p) be the third derivative of p**6/120 - p**5/20 - p**4/3 + 7*p**3/6 + 7*p**2. What are the prime factors of g(c)?
17
Let r(o) = -3 + 6 + o**2 - 2 - 12*o + 3*o. Let f be r(9). What are the prime factors of -2*(3 - 5) - f?
3
Let w = -289 + 923. What are the prime factors of w?
2, 317
Let u(g) = -g**2. Let p(l) = l**3 + 2*l**2 + 5*l + 4. Let x(z) = p(z) - 6*u(z). List the prime factors of x(-7).
2, 3
Let z(c) = 21 - c**3 - 41*c**2 - 42*c**2 + 77*c**2 + 5*c + 7. What are the prime factors of z(-8)?
2, 29
Let f(q) be the second derivative of 7*q**5/20 + q**4/6 + q**3/2 - 3*q**2/2 + 9*q. List the prime factors of f(2).
67
Let s(d) = -36*d + 517. List the prime factors of s(-7).
769
Let w(k) = -4*k + 21. Let h be w(7). Let f = 61 + h. List the prime factors of f.
2, 3
Let w = -7 - -11. Suppose -w*t = 100 + 116. Let h = t - -84. List the prime factors of h.
2, 3, 5
Suppose 5*n - 9*n = -1664. Suppose 1636 - n = 5*j. What are the prime factors of j?
2, 61
Let a(u) = -u**2 - 54*u + 1. Let h(p) = -18*p. Let m(q) = 2*a(q) - 7*h(q). What are the prime factors of m(9)?
2
Let n be 2/11 + 489/33. List the prime factors of (85/25)/(3/n).
17
Let o = 1406 + 876. List the prime factors of o.
2, 7, 163
Let z = -63 - -15. Let a be 2/(-12) - (-40)/z. Let d = 7 - a. What are the prime factors of d?
2
Suppose -2*c = -0*c - 6. Suppose 3*s - 458 = -2*v, c*s + 3*v - 373 = 86. List the prime factors of s.
2, 19
Let x(y) = 53*y + 10*y**2 - 23*y - 3 - 28*y - y**2. What are the prime factors of x(2)?
37
Suppose -n + 0*n = 3*w + 25, 55 = -4*w + 3*n. Let u be (0 + -1)/(-1) - 1. Let c = u - w. List the prime factors of c.
2, 5
Let m(g) = 76*g**2 - 2*g - 3. Let c be m(3). List the prime factors of (-6)/(-9)*c/6.
3, 5
Let x = 38 - 22. Let g = x + -12. Let i = 1 + g. What are the prime factors of i?
5
Let n(p) be the first derivative of p**5/120 + p**4/4 + p**3/3 - 3. Let m(y) be the third derivative of n(y). List the prime factors of m(8).
2, 7
Suppose s + 40 + 110 = -5*w, 4*s = 2*w + 82. Let n = 91 + w. What are the prime factors of n?
2, 3, 5
Let p be (21/(-12) + 4)*48/9. Suppose -1494 - 30 = -p*n. List the prime factors of n.
127
Suppose -34 = 6*n - 4. Let k(a) = -8*a + 9. Let x be k(n). Suppose 4*h - 157 = -x. What are the prime factors of h?
3
Suppose 9*b - 5*j = 14*b - 5065, 2005 = 2*b - 5*j. What are the prime factors of b?
2, 5, 101
Let i = -13 - -107. Let u = i - 23. Suppose 0*h - 3*h - 3*w + 57 = 0, 5*h = 3*w + u. List the prime factors of h.
2
Let m(i) be the first derivative of 3*i**2/2 + 149*i - 18. List the prime factors of m(0).
149
Let i(s) be the third derivative of -7*s**4/24 + 7*s**3/3 - 3*s**2. List the prime factors of i(-5).
7
Let g(z) = -z**2 - 9*z - 4. Let p = 10 - 0. Let y be (p - 7)*(-14)/6. What are the prime factors of g(y)?
2, 5
Suppose 558 + 1331 = 2*v - 3*a, -4*v = 2*a - 3802. What are the prime factors of v?
13, 73
Let h = -1156 - -1647. List the prime factors of h.
491
Suppose 4*s = 3*s - 4. Let p be 4*-1 + (s - -139). Suppose 8*l - p = 133. List the prime factors of l.
3, 11
Let l(r) = r + 16. Let i be l(-14). Suppose 4*w = i*m + 26, 55 = 5*w + 3*m - m. What are the prime factors of w?
3
Let d be (1 - -1)*(-21)/(-14). List the prime factors of ((-894)/(-18) - -5)*d/2.
2, 41
Let f be (-1*(1 + -2))/(-1). Let t = -2 + f. Let s(h) = -2*h - 4. What are the prime factors of s(t)?
2
Suppose 11 = 4*t + b, 2*t - 1 = -4*b + 1. Let g = t - -19. What are the prime factors of g?
2, 11
Suppose 3089 - 473 = 4*b. Let a = b + -444. What are the prime factors of a?
2, 3, 5, 7
What are the prime factors of ((-5451)/(-316))/(6*(-1)/(-920))?
5, 23
Let z(d) = -d**3 + 3*d**2 + 5*d - 1. Let x be z(4). Suppose x*c - 75 = 24. List the prime factors of c.
3, 11
Let d be 4/(-14) - (-540)/126. Suppose -s = d*s. Suppose 0 = -s*h - h + 29. What are the prime factors of h?
29
Let s = -43 + 46. Suppose s*j - 219 = 102. List the prime factors of j.
107
What are the prime factors of (162/(-6))/9 - (-724 - 0)?
7, 103
Suppose -4*v + 154 = -158. List the prime factors of v.
2, 3, 13
Let k = -32 + 35. Suppose h + 0*g = k*g + 33, -5*h = -5*g - 175. List the prime